alculate the highest common divisor of s and v.
35
Suppose 1499*j + 56 = 1501*j. Let g be (784/21)/(2/12). Calculate the highest common factor of g and j.
28
Suppose -41*w - 14878 = -26770 - 18243. What is the greatest common factor of w and 15?
15
Let o be (-34)/(-6) - 68/102. Suppose 2*a = -o*h - 37 + 11, -3*h + 104 = -4*a. Let x = -12 - a. Calculate the highest common factor of 143 and x.
11
Suppose -28*t + 387 + 145 = 0. Calculate the greatest common factor of t and 1216.
19
Suppose 4*y - 16 = -r, 4*r + 0*y - 5*y = 148. Let q = r - 13. Calculate the highest common divisor of 95 and q.
19
Suppose 1170*y - 23652 = 1097*y. What is the highest common divisor of y and 8?
4
Let l be (-2)/(-1*4) - 120/(-16). Let y = -4 + l. Suppose 25*s + 66 = 216. What is the highest common divisor of y and s?
2
Suppose 47*u = -18787 + 71239. Calculate the greatest common divisor of 144 and u.
36
Let b = 443 - 387. Suppose 0 = w, -2*y + 7*w - 6*w + b = 0. Calculate the greatest common divisor of 238 and y.
14
Let s be ((-1788)/(-36))/((-6)/(-18)). Let h be 8 - (-4 - -1 - s). What is the highest common divisor of h and 400?
80
Suppose 0 = 18*o + 22*o - 160. Let r be ((-2324)/(-35))/((5 - o)/5). Calculate the highest common divisor of 83 and r.
83
Suppose -2*z + 2*f + 26 = -2*f, 5*z + 3*f = 13. Suppose -2*s + 5*m - 5 = -51, 145 = 5*s - z*m. Calculate the highest common divisor of 55 and s.
11
Suppose 5*s - 20 = 25*s. Let d be 1 - (-97 + -4 + s - -3). Calculate the greatest common divisor of 4 and d.
4
Let f = -2840 - -3105. What is the highest common factor of 5 and f?
5
Suppose 10*u - 59*u + 2205 = 0. Calculate the greatest common divisor of 600 and u.
15
Let m = -11 + 13. Suppose 5*o + 16 - 50 = -w, m*o + 4 = 4*w. Let f be (21 - 22)*-1*o. Calculate the highest common factor of f and 6.
6
Let n be 18/(-48) - ((-209)/(-66))/((-12)/9). Calculate the greatest common factor of n and 314.
2
Suppose 12*i = 38*i + 421 - 3411. Calculate the greatest common factor of i and 115.
115
Suppose b + 131 = 153. Let l be 39/(-1)*(1 - 2). Let y = -6 + l. What is the highest common factor of y and b?
11
Let u = -86 + 608. Suppose -129*h - 3211 = -12*h - 9997. Calculate the greatest common factor of h and u.
58
Let g be 13 - (-2)/((80/90)/(-4)). Suppose -3*v + 7 = -89. What is the greatest common divisor of g and v?
4
Let v = -957 + 2556. Calculate the greatest common factor of 195 and v.
39
Suppose -5*h + 1464 = 8*x - 4*x, 3 = 3*x. Let r = h - 289. What is the greatest common factor of r and 15?
3
Suppose -3070 = -8*b - 3038. What is the greatest common divisor of b and 662?
2
Suppose 294 - 270 = 6*u. Suppose -16 - 24 = -2*n + 2*b, 28 = 2*n + u*b. What is the greatest common factor of 306 and n?
18
Let f = -13666 - -14269. What is the highest common factor of f and 737?
67
Let s be (-600)/18*(-390)/20. What is the highest common divisor of s and 6?
2
Let h(w) = -w**3 - 7*w**2 - 13*w - 13. Let n be h(-5). Suppose n*u + 5*z = -19, -4*z - 29 = 2*u - 5*u. Calculate the greatest common divisor of 267 and u.
3
Let s = -11 - -13. Suppose -2*h = 3*b - 94, s*b + 4*h + 186 = 7*b. What is the highest common divisor of 2 and b?
2
Let q be 12/30*30/4. Suppose u + 2*t - q*t - 144 = 0, u = 2*t + 148. Let s(h) = -7*h - 252. Let n be s(-38). What is the greatest common divisor of n and u?
14
Suppose -1731 = -4*y - 5*g + 136, 7 = -7*g. Calculate the greatest common divisor of 42 and y.
6
Let v(b) = 238*b - 160. Let q be v(1). Calculate the greatest common divisor of q and 9477.
39
Let l be 3903 + -3*(3 + -1). Suppose 0 = 8*s - l + 313. Calculate the greatest common factor of 56 and s.
56
Let a(f) = -f**2 - 5*f + 168. Let w be a(8). What is the highest common divisor of w and 24?
8
Suppose 158289 = 19*l + 54492. What is the greatest common factor of l and 9?
9
Suppose 0 = -11*g + 6*g + 75. Suppose -x = 2*x - g. Suppose 2*r - 3*h - 19 = 89, r = x*h + 68. Calculate the highest common factor of 64 and r.
16
Let w = 24026 + -23558. What is the greatest common divisor of w and 5733?
117
Let s(c) = 7*c**2 - 4*c - 2. Let x be s(5). Let z = -215 + 215. Suppose -5*j - 10 = z, 5*b - 3*j - 93 = j. Calculate the greatest common divisor of x and b.
17
Let t(f) = 241*f + 1234. Let c be t(4). What is the greatest common factor of c and 56?
14
Suppose 0 = 275*q - 4298 - 2089 + 887. Let x be 1/(-3) - 781/(-3). Calculate the highest common divisor of q and x.
20
Suppose 330 = 2*v + 5*z, -3*v - 2*v - 2*z + 804 = 0. Suppose 2*g + 4*r - v = 0, 133 = 5*g - r - 267. What is the highest common divisor of 64 and g?
16
Let m be (-1 + 2)*(-6 - -1)/(-1). Let p be -11*(m - (1 - 1) - -2). Let g = p - -78. Calculate the highest common divisor of g and 1.
1
Suppose 4*i + 3*f = -251, 4*i - i = -5*f - 191. Let h = -2 - i. Suppose 0 = g, -2*g - h = -3*t - 5*g. Calculate the highest common factor of 50 and t.
10
Let l = -532 + 596. Let s be l - 1 - (10 + -9)/1. What is the greatest common divisor of 217 and s?
31
Let z = 370 - 202. Suppose s + 6*s - z = 0. Let a = s - 3. What is the highest common factor of a and 7?
7
Suppose 0 = 6*r - 974 - 1504. Let w = 793 - r. Calculate the greatest common factor of 19 and w.
19
Let p(b) = -18*b + 2*b**2 + 0*b - 4 + 18*b. Let s be p(-4). What is the highest common factor of s and 119?
7
Let i be 0 + -1 + 31 + 3. Let x = i - 28. Suppose -8*u = -2*u - 270. Calculate the highest common divisor of u and x.
5
Suppose 0 = -z - k - 200, -4*k - 8 = 8. Let m be (z/(-10))/(4/70). Suppose -55 + m = 8*y. What is the highest common factor of y and 18?
18
Let j(t) = -t**2 - 16*t + 348. Let z be j(-28). What is the highest common divisor of z and 8688?
12
Let y(a) = 87*a**2 + 132*a - 7. Let n be y(-2). Calculate the highest common factor of n and 1232.
77
Let f = 4374 - 3915. Calculate the greatest common divisor of f and 27.
27
Suppose -7 = o + 2*p, -5*p - 15 = 2*o + 3*o. Let b be (o - 5/(-10))/(6/(-16)). Let c be 1/(41/10 + b). Calculate the greatest common factor of c and 40.
10
Suppose 5386 - 14490 = -2*a - 4*s, -5*s + 22775 = 5*a. What is the greatest common divisor of a and 53?
53
Suppose u + 2*a = 536, -127*u = -126*u - 2*a - 544. Calculate the highest common factor of 387 and u.
9
Let b be (-7 + (0 - 1))*(2001/(-92) + -1). Calculate the highest common factor of 98 and b.
14
Suppose 0 = -103*g + 99*g + 72. Let s be 1070/g + 1 - (-12)/(-27). Calculate the highest common factor of s and 105.
15
Suppose 97 = -10*o + 797. Suppose o = 8*y - 18. Let g(c) = -3*c - 4. Let s be g(-5). What is the highest common factor of s and y?
11
Let z = 107 + -106. Let c be z/5 + (-420)/(-150). Calculate the greatest common divisor of c and 39.
3
Suppose -f + 4*f - 2*i - 121 = 0, 2*f = 5*i + 88. Let b = 4 - 2. Let w(n) = 8*n - 3. Let k be w(b). What is the greatest common factor of k and f?
13
Let g(j) = 5*j**2 - 4*j + 5. Let t be g(5). Let h be (-1)/7 - (-575)/(-70)*-10. Suppose 2*o + 38 - h = 0. Calculate the greatest common factor of o and t.
22
Let i = -802 - -823. What is the highest common divisor of 1295 and i?
7
Let k = 156 - 49. Let h = -53 + k. Calculate the highest common factor of 90 and h.
18
Suppose 157*q - 517 = 3565. Calculate the greatest common divisor of 7319 and q.
13
Let j be 2/(-8) + (-1561)/28. Let q = -53 - j. Suppose -3*f - 5*l = -0*l - 152, -4*l - 143 = -q*f. Calculate the highest common divisor of f and 441.
49
Let t(r) be the second derivative of 5*r**4/12 + 9*r**3/2 + 6*r**2 + 44*r. Let d be t(-5). Calculate the highest common factor of 38 and d.
2
Suppose -3*t + c = -526, -4*t - 536 = -7*t - c. What is the greatest common divisor of t and 11859?
177
Let n(i) = i**2 + 33*i + 385. Let a be n(-41). Let b be -1 + (-30)/(-1) + 2. What is the highest common divisor of a and b?
31
Let y be 5 + (-12)/(12/(-4)). Let q(i) = i**2 - 8*i + 4. Let n be q(y). Let k = n - 1. Calculate the highest common factor of k and 96.
12
Let b = 533 + -601. Let q = b + 158. What is the highest common factor of q and 45?
45
Suppose -2*q = 4*w - 31264, 3561*q + 4*w - 46912 = 3558*q. Calculate the highest common divisor of 64 and q.
32
Suppose 2*r = -6*r + 568. Suppose -2*l = -5*a + 4*a + r, 96 = a + 3*l. Let b = -1 + 10. What is the highest common divisor of a and b?
9
Let m(t) = t**2 + 8*t - 18. Let r be m(-10). Let o be 